{"id":987,"date":"2024-07-15T09:37:38","date_gmt":"2024-07-15T09:37:38","guid":{"rendered":"https:\/\/mydreamweddingideas.com\/vsebina2\/?page_id=987"},"modified":"2024-07-15T09:37:54","modified_gmt":"2024-07-15T09:37:54","slug":"je-moj-otrok-v-mladoletniski-tolpi","status":"publish","type":"page","link":"https:\/\/tolovaj.com\/vsebina\/otroci\/je-moj-otrok-v-mladoletniski-tolpi\/","title":{"rendered":"Je moj otrok v mladoletni\u0161ki tolpi?"},"content":{"rendered":"\n<figure class=\"wp-block-image alignleft size-full\"><img loading=\"lazy\" decoding=\"async\" width=\"281\" height=\"400\" src=\"https:\/\/tolovaj.com\/vsebina\/wp-content\/uploads\/2024\/07\/otroci-tolpe-123rf-5776315-s.jpg\" alt=\"\" class=\"wp-image-990\" srcset=\"https:\/\/tolovaj.com\/vsebina\/wp-content\/uploads\/2024\/07\/otroci-tolpe-123rf-5776315-s.jpg 281w, https:\/\/tolovaj.com\/vsebina\/wp-content\/uploads\/2024\/07\/otroci-tolpe-123rf-5776315-s-211x300.jpg 211w\" sizes=\"auto, (max-width: 281px) 100vw, 281px\" \/><\/figure>\n\n\n\n<p>Eden stranskih u\u010dinkov na\u0161ega vstopa v kapitalizem je prav gotovo pove\u010dana stopnja kriminala.&nbsp; Pred njegovimi mra\u010dnimi u\u010dinki niso varni niti najmlaj\u0161i. V\u010dasih postanejo nedol\u017ene \u017ertve, drugi\u010d se znajdejo v aktivnej\u0161i vlogi. Je na\u0161 otrok lahko \u010dlan kriminalne tolpe?&nbsp;<\/p>\n\n\n\n<p>Raziskave ka\u017eejo, da lahko, ne glede na starost,&nbsp; socialni polo\u017eaj ali okolje, \u010deprav se verjetnost za vstop v kriminalno zdru\u017ebo z nastopom pubertete, ni\u017ejimi dru\u017einskimi dohodki&nbsp; in \u017eivljenjem v ve\u010djem mestu (ali turisti\u010dnem sredi\u0161\u010du) ve\u010da.<\/p>\n\n\n\n<p>Tule je nekaj znakov, na katere moramo biti pozorni:&nbsp;<\/p>\n\n\n\n<p><em><strong>1.<\/strong><\/em> Otrok je veliko zdoma, tudi ob zelo poznih urah, morda celo prek no\u010di. Svoje odsotnosti ne zna ali no\u010de opravi\u010diti.<\/p>\n\n\n\n<p><em><strong>2.<\/strong><\/em> Otrok ima stalno dru\u017ebo, ki ji daje prednost pred doma\u010dimi in so\u0161olci. V tej dru\u017ebi se vsi \u010dlani podobno obla\u010dijo (na primer imajo enake majice) in obna\u0161ajo (poseben na\u010din stiskanja rok), morda so tudi enako tetovirani.<\/p>\n\n\n\n<p><em><strong>3.<\/strong><\/em> Otrok ima nenehne te\u017eave z avtoritetami: star\u0161i, starej\u0161i dru\u017einski \u010dlani, razrednik, ravnatelj, policija. Te\u017eave se s\u010dasoma zaostrujejo. U\u010dni uspeh se hitro slab\u0161a.<\/p>\n\n\n\n<p><em><strong>4.<\/strong><\/em> Otrok ima denar in predmete, za katere ne vemo, od kod jih je dobil. Njihovega izvora ne zna ali no\u010de opravi\u010diti.<\/p>\n\n\n\n<p><em><strong>5.<\/strong><\/em> Otrok je pogosto po\u0161kodovan, vendar izvora po\u0161kodb ne zna ali no\u010de pojasniti.<\/p>\n\n\n\n<p>Na\u0161teti znaki \u0161e niso dokaz, da je na\u0161 otrok za\u0161el v slabo dru\u017ebo, a vsak med njimi je prav gotovo dober razlog za resen razmislek. \u010ce je znamenj celo ve\u010d, toliko bolj.<\/p>\n\n\n\n<p><em>\u00a9 <\/em><em><a href=\"http:\/\/www.123rf.com\" rel=\"noreferrer noopener\" target=\"_blank\">123RF Stock Photos<\/a><\/em><\/p>\n","protected":false},"excerpt":{"rendered":"<p>Eden stranskih u\u010dinkov na\u0161ega vstopa v kapitalizem je prav gotovo pove\u010dana stopnja kriminala.&nbsp; Pred njegovimi mra\u010dnimi u\u010dinki niso varni niti najmlaj\u0161i. V\u010dasih postanejo nedol\u017ene \u017ertve, drugi\u010d se znajdejo v aktivnej\u0161i vlogi. Je na\u0161 otrok lahko \u010dlan kriminalne tolpe?&nbsp; Raziskave ka\u017eejo, da lahko, ne glede na starost,&nbsp; socialni polo\u017eaj ali okolje, \u010deprav se verjetnost za vstop [&hellip;]<\/p>\n","protected":false},"author":1,"featured_media":0,"parent":15,"menu_order":1,"comment_status":"closed","ping_status":"closed","template":"page-no-separators","meta":{"footnotes":""},"class_list":["post-987","page","type-page","status-publish","hentry"],"_links":{"self":[{"href":"https:\/\/tolovaj.com\/vsebina\/wp-json\/wp\/v2\/pages\/987","targetHints":{"allow":["GET"]}}],"collection":[{"href":"https:\/\/tolovaj.com\/vsebina\/wp-json\/wp\/v2\/pages"}],"about":[{"href":"https:\/\/tolovaj.com\/vsebina\/wp-json\/wp\/v2\/types\/page"}],"author":[{"embeddable":true,"href":"https:\/\/tolovaj.com\/vsebina\/wp-json\/wp\/v2\/users\/1"}],"replies":[{"embeddable":true,"href":"https:\/\/tolovaj.com\/vsebina\/wp-json\/wp\/v2\/comments?post=987"}],"version-history":[{"count":1,"href":"https:\/\/tolovaj.com\/vsebina\/wp-json\/wp\/v2\/pages\/987\/revisions"}],"predecessor-version":[{"id":991,"href":"https:\/\/tolovaj.com\/vsebina\/wp-json\/wp\/v2\/pages\/987\/revisions\/991"}],"up":[{"embeddable":true,"href":"https:\/\/tolovaj.com\/vsebina\/wp-json\/wp\/v2\/pages\/15"}],"wp:attachment":[{"href":"https:\/\/tolovaj.com\/vsebina\/wp-json\/wp\/v2\/media?parent=987"}],"curies":[{"name":"wp","href":"https:\/\/api.w.org\/{rel}","templated":true}]}}