{"id":971,"date":"2024-07-15T09:34:14","date_gmt":"2024-07-15T09:34:14","guid":{"rendered":"https:\/\/mydreamweddingideas.com\/vsebina2\/?page_id=971"},"modified":"2024-07-15T09:35:11","modified_gmt":"2024-07-15T09:35:11","slug":"je-moj-prvorojenec-ljubosumen","status":"publish","type":"page","link":"https:\/\/tolovaj.com\/vsebina\/otroci\/je-moj-prvorojenec-ljubosumen\/","title":{"rendered":"Je moj prvorojenec ljubosumen?"},"content":{"rendered":"\n<figure class=\"wp-block-image alignleft size-full\"><img loading=\"lazy\" decoding=\"async\" width=\"400\" height=\"444\" src=\"https:\/\/tolovaj.com\/vsebina\/wp-content\/uploads\/2024\/07\/ljubosumen-otrok-wm-szymon-i-krystian-joymaster-c400.jpg\" alt=\"\" class=\"wp-image-974\" srcset=\"https:\/\/tolovaj.com\/vsebina\/wp-content\/uploads\/2024\/07\/ljubosumen-otrok-wm-szymon-i-krystian-joymaster-c400.jpg 400w, https:\/\/tolovaj.com\/vsebina\/wp-content\/uploads\/2024\/07\/ljubosumen-otrok-wm-szymon-i-krystian-joymaster-c400-270x300.jpg 270w\" sizes=\"auto, (max-width: 400px) 100vw, 400px\" \/><\/figure>\n\n\n\n<p>Ena ve\u010djih skrbi, ki spremljajo odlo\u010ditev za drugega otroka, je vpliv njegovega rojstva na prvega. Kako ga bo sprejel? Kako bo pri\u0161lek vplival na odnose v dru\u017eini? Bo prvorojenec ljubosumen?<\/p>\n\n\n\n<p>Stroka si ni edina niti v odgovoru na vpra\u0161anje o idelanem razmiku med rojstvom prvega in drugega otroka. V\u010dasih so se otroci rojevali kar zapored, ko je bilo materino telo pa\u010d pripravljeno na novo zanositev. Temu primerna je bila tudi smrtnost pri materah in otrocih.<\/p>\n\n\n\n<p>Nekaj podobnega se \u0161e dogaja v nerazvitih de\u017eelah, kjer se verjetnost pre\u017eivetja prvorojenca zelo pove\u010da z ve\u010danjem razmika med njegovim in drugorojen\u010devim rojstvom.<\/p>\n\n\n\n<p>Po drugi plati je jasno, da velika razlika (pet, \u0161est ali ve\u010d let), ki je v razvitem svetu vse pogostej\u0161a, vodi v vzgajanje dveh edincev, saj otroka, ki sta si po letih tako dale\u010d narazen, le ste\u017eka najdeta skupne to\u010dke za igro ali pogovor.<\/p>\n\n\n\n<p>Najve\u010d pediatrov in ginekologov priporo\u010da razmik dveh do \u0161tirih let, ker si v tak\u0161nem razmiku materino telo po prvem porodu popolnoma opomore, prvorojenec pa na\u010deloma&nbsp; ni sposoben razviti zelo zapletenih ljudosumnih \u010dustev.<\/p>\n\n\n\n<p>Kljub temu ga je treba na rojstvo novinca dobro pripraviti in ves \u010das paziti, da ne pride do prehudega rivalstva, brez katerega med brati in sestrami seveda ne bo \u0161lo.<\/p>\n\n\n\n<figure class=\"wp-block-image alignright size-full\"><img loading=\"lazy\" decoding=\"async\" width=\"400\" height=\"285\" src=\"https:\/\/tolovaj.com\/vsebina\/wp-content\/uploads\/2024\/07\/photoxpress_2163344-c400.jpg\" alt=\"\" class=\"wp-image-977\" srcset=\"https:\/\/tolovaj.com\/vsebina\/wp-content\/uploads\/2024\/07\/photoxpress_2163344-c400.jpg 400w, https:\/\/tolovaj.com\/vsebina\/wp-content\/uploads\/2024\/07\/photoxpress_2163344-c400-300x214.jpg 300w\" sizes=\"auto, (max-width: 400px) 100vw, 400px\" \/><\/figure>\n\n\n\n<p>Da se tekmovanje, ki je povsem naravno, ne bo preve\u010d zaostrilo, velja upo\u0161tevati nekaj nasvetov:<\/p>\n\n\n\n<p><em><strong>1. <\/strong><\/em>Otrok NIKOLI ne primerjamo. Vse rivalstvo temelji na \u017eelji otrok, da doka\u017eejo svojo enkratnost.<\/p>\n\n\n\n<p><em><strong>2.<\/strong><\/em> Med otroki ne imejmo ljubljen\u010dka. Naj noben izmed otrok ne dobi niti ob\u010dutka, da bi ga lahko imeli.<\/p>\n\n\n\n<p><em><strong>3.<\/strong><\/em> Ob vsaki prilo\u017enosti otroka (otroke) spodbujajmo k sodelovanju, ne k tekmovanju.<\/p>\n\n\n\n<p><em><strong>4.<\/strong><\/em> Vsakemu izmed otrok namenite vsak dan vsaj nekaj minut (zado\u0161\u010da \u017ee deset), ki jih pre\u017eivite samo z&nbsp; njim.<\/p>\n\n\n\n<p><em><strong>5.<\/strong><\/em> Bodite pozorni na \u010das, ko se za\u010dne ve\u010dina prepirov. \u010ce je to vedno isti \u010das dneva, morda lahko te\u017eave omilimo s spremembo \u010dasa kosila, gledanja televizije in podobno.<\/p>\n\n\n\n<p><em><strong>6.<\/strong><\/em> Do otrok bodimo po\u0161teni, kar ni isto, kot da smo do vseh enaki! To pomeni, da po potrebi tistemu, ki potrebuje ve\u010d pozornosti, to tudi nudimo, a ne v \u0161kodo drugega.<\/p>\n\n\n\n<p><em><strong>7.<\/strong><\/em> Organizirajmo dru\u017einske aktivnosti, ki so v veselje vsem \u010dlanom.<\/p>\n\n\n\n<p><em><strong>8.<\/strong><\/em> Otroke nau\u010dimo ve\u0161\u010din za razre\u0161evanje nesoglasij brez na\u0161e pomo\u010di.<\/p>\n\n\n\n<p><em><strong>9.<\/strong><\/em> Izogibajmo se re\u0161evanju sporov s fizi\u010dno silo.<\/p>\n\n\n\n<p><em><strong>10.<\/strong><\/em> U\u017eivajmo v razlikah.<\/p>\n\n\n\n<p><em>\u00a9 <a href=\"http:\/\/commons.wikimedia.org\/wiki\/File:Szymon_i_Krystian_%28Joymaster%29.JPG\" rel=\"noreferrer noopener\" target=\"_blank\">Wikimedia Commons<\/a><\/em><\/p>\n\n\n\n<p><em>\u00a9 <\/em><em><a href=\"http:\/\/www.photoxpress.com\/\" target=\"_blank\" rel=\"noreferrer noopener\">PhotoXpress.com<\/a><\/em><\/p>\n\n\n\n<p><\/p>\n","protected":false},"excerpt":{"rendered":"<p>Ena ve\u010djih skrbi, ki spremljajo odlo\u010ditev za drugega otroka, je vpliv njegovega rojstva na prvega. Kako ga bo sprejel? Kako bo pri\u0161lek vplival na odnose v dru\u017eini? Bo prvorojenec ljubosumen? Stroka si ni edina niti v odgovoru na vpra\u0161anje o idelanem razmiku med rojstvom prvega in drugega otroka. V\u010dasih so se otroci rojevali kar zapored, [&hellip;]<\/p>\n","protected":false},"author":1,"featured_media":0,"parent":15,"menu_order":1,"comment_status":"closed","ping_status":"closed","template":"page-no-separators","meta":{"footnotes":""},"class_list":["post-971","page","type-page","status-publish","hentry"],"_links":{"self":[{"href":"https:\/\/tolovaj.com\/vsebina\/wp-json\/wp\/v2\/pages\/971","targetHints":{"allow":["GET"]}}],"collection":[{"href":"https:\/\/tolovaj.com\/vsebina\/wp-json\/wp\/v2\/pages"}],"about":[{"href":"https:\/\/tolovaj.com\/vsebina\/wp-json\/wp\/v2\/types\/page"}],"author":[{"embeddable":true,"href":"https:\/\/tolovaj.com\/vsebina\/wp-json\/wp\/v2\/users\/1"}],"replies":[{"embeddable":true,"href":"https:\/\/tolovaj.com\/vsebina\/wp-json\/wp\/v2\/comments?post=971"}],"version-history":[{"count":2,"href":"https:\/\/tolovaj.com\/vsebina\/wp-json\/wp\/v2\/pages\/971\/revisions"}],"predecessor-version":[{"id":978,"href":"https:\/\/tolovaj.com\/vsebina\/wp-json\/wp\/v2\/pages\/971\/revisions\/978"}],"up":[{"embeddable":true,"href":"https:\/\/tolovaj.com\/vsebina\/wp-json\/wp\/v2\/pages\/15"}],"wp:attachment":[{"href":"https:\/\/tolovaj.com\/vsebina\/wp-json\/wp\/v2\/media?parent=971"}],"curies":[{"name":"wp","href":"https:\/\/api.w.org\/{rel}","templated":true}]}}