{"id":1007,"date":"2024-07-15T10:54:04","date_gmt":"2024-07-15T10:54:04","guid":{"rendered":"https:\/\/mydreamweddingideas.com\/vsebina2\/?page_id=1007"},"modified":"2024-07-15T10:54:25","modified_gmt":"2024-07-15T10:54:25","slug":"varuska","status":"publish","type":"page","link":"https:\/\/tolovaj.com\/vsebina\/otroci\/varuska\/","title":{"rendered":"Varu\u0161ka"},"content":{"rendered":"\n<figure class=\"wp-block-image alignleft size-full\"><img loading=\"lazy\" decoding=\"async\" width=\"300\" height=\"342\" src=\"https:\/\/tolovaj.com\/vsebina\/wp-content\/uploads\/2024\/07\/iscem-varusko-photoxpress-5081143-300.jpg\" alt=\"\" class=\"wp-image-1010\" srcset=\"https:\/\/tolovaj.com\/vsebina\/wp-content\/uploads\/2024\/07\/iscem-varusko-photoxpress-5081143-300.jpg 300w, https:\/\/tolovaj.com\/vsebina\/wp-content\/uploads\/2024\/07\/iscem-varusko-photoxpress-5081143-300-263x300.jpg 263w\" sizes=\"auto, (max-width: 300px) 100vw, 300px\" \/><\/figure>\n\n\n\n<p>Varstvo otrok je zahtevno opravilo, pri katerem nam lahko na pomo\u010d prisko\u010di varu\u0161ka.<\/p>\n\n\n\n<p>Ko i\u0161\u010demo varu\u0161ko, se moramo zavedati, da so skozi vso \u010dlove\u0161ko zgodovino star\u0161em pomagali dedki in babice, strici in tete, starej\u0161i bratje in sestre, sosedje, prijatelji in drugi.<\/p>\n\n\n\n<p>Po varu\u0161kah je bilo tako vedno dovolj povpra\u0161evanja, \u010deprav se je seznam njihovih nalog precej razlikoval. Lahko so skrbele le za varstvo otrok na domu, lahko so opravljale tudi druga hi\u0161na dela.<\/p>\n\n\n\n<p>Varu\u0161ke so bile lahko zadol\u017eene le za vzgojo in izobra\u017eevanje, njihov pomen za razvoj otrok pa je bil tako velik, da so jih pogosto \u0161teli kar za dru\u017einske \u010dlane.<\/p>\n\n\n\n<h2 class=\"wp-block-heading\">I\u0161\u010dem varu\u0161ko<\/h2>\n\n\n\n<p>Ko i\u0161\u010demo varstvo, si pomagamo s priporo\u010dilom znancev, sosedov, sodelavcev, z oglasom ali s pomo\u010djo agencije, a vseeno je te\u017eko izbrati. Pogovorimo se z ve\u010d kandidatkami za varstvo na\u0161ih otrok. Kak\u0161no izobrazbo in kak\u0161ne izku\u0161nje imajo? Lahko poka\u017eejo kak\u0161na priporo\u010dila?<\/p>\n\n\n\n<figure class=\"wp-block-image alignright size-full\"><img loading=\"lazy\" decoding=\"async\" width=\"300\" height=\"450\" src=\"https:\/\/tolovaj.com\/vsebina\/wp-content\/uploads\/2024\/07\/varstvo-otrok-photoxpress-2370090.jpg\" alt=\"\" class=\"wp-image-1013\" srcset=\"https:\/\/tolovaj.com\/vsebina\/wp-content\/uploads\/2024\/07\/varstvo-otrok-photoxpress-2370090.jpg 300w, https:\/\/tolovaj.com\/vsebina\/wp-content\/uploads\/2024\/07\/varstvo-otrok-photoxpress-2370090-200x300.jpg 200w\" sizes=\"auto, (max-width: 300px) 100vw, 300px\" \/><\/figure>\n\n\n\n<p>Zaradi neprijazne zakonodaje dela pri nas veliko varu\u0161k na \u010drno. V tujini, predvsem na zahodu, morajo imeti kandidatke za varu\u0161ko opravljene izpite iz dajanja prve pomo\u010di. Strokovnost je vsekakor zahteva, od katere star\u0161i ne bi smeli odstopati.<\/p>\n\n\n\n<p>Ni\u010d manj pomembno ni zaupanje. Otroka pa\u010d ne moremo kar tako prepustiti osebi, ki je ne poznamo. Statistika pravi, da ve\u010d kot \u0161tiri odstotke kaznivih dejanj, ki prizadanejo pred\u0161olske otroke, zakrivijo prav varu\u0161ke. Pa ne gre le za varnost otrok.<\/p>\n\n\n\n<p>Varu\u0161ka ima veliko prilo\u017enosti za manj\u0161e ali ve\u010dje o\u0161kodovanje premo\u017eenja. Na sre\u010do so primeri z medcelinskimi telefonskimi pogovori ali razvratnimi zabavami dokaj redki, a veliko zapletov lahko povzro\u010dita \u017ee tako preprosti razvadi, kot sta kajenje ali zamujanje.<\/p>\n\n\n\n<p>Precej la\u017eje nam bo, \u010de si bomo \u0161e pred prvim pogovorom s kandidatkami razjasnili, kaj od varu\u0161ke pri\u010dakujemo sami. Bo na otroka ali otroke le pazila med na\u0161o odsotnostjo, ali bo tudi pripravljala hrano, brala pravljice, morda pomagala pri nalogah?<\/p>\n\n\n\n<p>\u017delimo, da bi poleg dela varu\u0161ke opravljala tudi delo gospodinjske pomo\u010dnice, kar pomeni \u0161e pranje, likanje, pospravljanje in podobna dela, ki niso nujno povezana z otroci?<\/p>\n\n\n\n<h2 class=\"wp-block-heading\">Kako naj poteka varovanje otrok?<\/h2>\n\n\n\n<p>Pred prvim varovanjem brez prisotnosti star\u0161ev mora varu\u0161ka poznati vsaj najosnovnej\u0161e informacije: imena in priimke otrok, njihovo starost, naslov, kamor bo morda morala poklicati re\u0161evalno vozilo, telefonske \u0161tevilke, ki jih lahko pokli\u010de v nujnih primerih (mobilni telefoni star\u0161ev, telefoni na delovnih mestih, restavracijah, kjer se bomo zadr\u017eevali, telefon zdravnika, morda tudi prijatelja, hi\u0161nika ali soseda, na katerega se lahko obrne, \u010de na primer po\u010di cev v kopalnici).<\/p>\n\n\n\n<p>Poleg tega ji povejmo vsaj pribli\u017eno uro, ob kateri se vrnemo, da bo lahko \u010dim bolje na\u010drtovala svoj \u010das. Za primer po\u017eara varu\u0161ki lahko poka\u017eemo najhitrej\u0161o pot iz stavbe, razlo\u017eimo, kako se odpirajo okna in vrata, poka\u017eemo priro\u010dno lekarno, razlo\u017eimo pravila glede gledanja televizije, ogla\u0161anja na telefon, uporabe ra\u010dunalnika, odhoda v posteljo, umivanja zob, jo opozorimo na morebitne alergije na \u017eivila in podobo.<\/p>\n\n\n\n<p>\u010ce imamo alarmni sistem ali hi\u0161ne ljubljen\u010dke, ji posredujemo informacije tudi o tem.<\/p>\n\n\n\n<h2 class=\"wp-block-heading\">Cena za varstvo otrok<\/h2>\n\n\n\n<figure class=\"wp-block-image alignleft size-full\"><img loading=\"lazy\" decoding=\"async\" width=\"300\" height=\"450\" src=\"https:\/\/tolovaj.com\/vsebina\/wp-content\/uploads\/2024\/07\/varuska-photoxpress-2740371.jpg\" alt=\"\" class=\"wp-image-1014\" srcset=\"https:\/\/tolovaj.com\/vsebina\/wp-content\/uploads\/2024\/07\/varuska-photoxpress-2740371.jpg 300w, https:\/\/tolovaj.com\/vsebina\/wp-content\/uploads\/2024\/07\/varuska-photoxpress-2740371-200x300.jpg 200w\" sizes=\"auto, (max-width: 300px) 100vw, 300px\" \/><\/figure>\n\n\n\n<p>\u010casi, ko so se varu\u0161ke za nekaj drobi\u017ea zvalile pred televizor in nagnale otroke v posteljo, so minili. Zdaj od njih pri\u010dakujemo precej ve\u010d, temu primerna pa je njihova cena.<\/p>\n\n\n\n<p>Seveda se zelo spreminja, saj je odvisna od starosti otrok (varovanje in nega mal\u010dka v pleni\u010dkah ni enaka varovanju osnovno\u0161olca, ki se zna sam zamotiti z branjem knjige), \u0161tevila otrok (varovanje treh je obi\u010dajno ve\u010d kot trikrat zahtevnej\u0161e od varovanja enega), \u0161tevila ur, datumov (prazniki so praviloma dra\u017eji) in dodatnih zahtev, ki jih imamo (bodo z varu\u0161kinim prihodom otroci kon\u010dno osvojili \u0161e po\u0161tevanko?).<\/p>\n\n\n\n<p>Star\u0161i, ki za svoje otroke ne dobijo mest v vrtcih, tako pri nas na \u010drno pla\u010dujejo med 400 in 700 evri na mesec za pribli\u017eno toliko ur, kot bi jih otrok pre\u017eivel v vrtcu. To je \u017ee primerljivo z neto pla\u010do marsikaterega star\u0161a!<\/p>\n\n\n\n<p>\u010ce torej razmi\u0161ljamo o najemu varu\u0161ke, si predvsem vzemimo \u010das in naredimo &#8216;doma\u010do nalogo&#8217;. Bodimo skrbni, zahtevni, dobro pou\u010deni in strokovno podkovani. Prav tako kot morajo biti dobre varu\u0161ke. Kdo ve? Morda se nekega dne med njimi znajdemo \u0161e sami?<\/p>\n\n\n\n<h2 class=\"wp-block-heading\">Vse vi\u0161ji standardi za varstvo otrok<\/h2>\n\n\n\n<p>Seveda se lahko vsakdo odlo\u010di za varu\u0161ko svojim otrokom najeti sosedovo najstnico, ki je na dolo\u010den ve\u010der slu\u010dajno brez zmenka ali drugega zanimivej\u0161ega opravila.<\/p>\n\n\n\n<p>A star\u0161i v splo\u0161nem \u017eelijo vse ve\u010djo varnost, ve\u010djo zanesljivost in ve\u010djo strokovnost. \u010ce nam prvovrstne varu\u0161ke ne more priporo\u010diti nih\u010de od ljudi, ki jih osebno poznamo in jim zaupamo, se moramo zato pri iskanju obrniti na specializirano agencijo.<\/p>\n\n\n\n<figure class=\"wp-block-image alignright size-full\"><img loading=\"lazy\" decoding=\"async\" width=\"450\" height=\"300\" src=\"https:\/\/tolovaj.com\/vsebina\/wp-content\/uploads\/2024\/07\/babysitter-photoxpress-2489318.jpg\" alt=\"\" class=\"wp-image-1015\" srcset=\"https:\/\/tolovaj.com\/vsebina\/wp-content\/uploads\/2024\/07\/babysitter-photoxpress-2489318.jpg 450w, https:\/\/tolovaj.com\/vsebina\/wp-content\/uploads\/2024\/07\/babysitter-photoxpress-2489318-300x200.jpg 300w\" sizes=\"auto, (max-width: 450px) 100vw, 450px\" \/><\/figure>\n\n\n\n<p>V dobrih agencijah se z vsako varu\u0161ko sre\u010dajo, preverijo njeno izobrazbo, opravijo psihoteste, zberejo priporo\u010dila njenih delodajalcev in jih razvrstijo v svoje baze. Tako bodo dru\u017einam, ki potrebujejo varu\u0161ko lahko priporo\u010dili dekle (v tem poklicu je le malo mo\u0161kih), katerega profil bo najbolje ustrezal zahtevam morebitnega delodajalca (morda na intervju po\u0161ljejo dve ali tri dekleta).<\/p>\n\n\n\n<p>Ob povsem logi\u010dnih zahtevah (dekle stanuje blizu, ima izku\u0161nje z otroki, opravljene osnovne te\u010daje) je vse ve\u010d dodatnih (namesto 18-letnic bi jih vse ve\u010d rado imelo 25 ali ve\u010d let stare varu\u0161ke, z dvemi leti izku\u0161enj z varovanjem otrok s polnim delovnim \u010dasom, dokon\u010dano vi\u0161jo strokovno \u0161olo, vsaj dvemi priporo\u010dili prej\u0161njih delodajalcev, dokazom o nekaznovanosti &#8230;).<\/p>\n\n\n\n<p>Za najzahtevnej\u0161e so zrasle prave presti\u017ene ustanove, kot na primer Norland College v Veliki Britaniji. Njihove diplomantke morajo skozi zahteven triletni program in vsaj eno leto &#8216;sta\u017eiranja&#8217; pri angle\u0161ki dru\u017eini. Nato se zaposlijo pri eni izmed tiso\u010dev bogata\u0161kih dru\u017ein, ki nanje \u010dakajo tudi ve\u010d let, pa \u010deprav so njihove storitve vse prej kot poceni.<\/p>\n\n\n\n<p>Varu\u0161ka z norlandsko \u0161olo ima osnovno letno pla\u010do od 60 tiso\u010d evrov bruto navzgor, delodajalci pa jim omogo\u010dajo \u0161e razli\u010dne ugodnosti, kot je souporaba vozil, po\u010ditni\u0161kih hi\u0161ic ob prostih dnevih, \u010dlanstvo v presti\u017enih klubih, mo\u017enost potovanj &#8230;<\/p>\n\n\n\n<p>Sodobna varu\u0161ka je dandanes prava gospa!<\/p>\n\n\n\n<h2 class=\"wp-block-heading\">5 zlatih nasvetov za izbiro varu\u0161ke<\/h2>\n\n\n\n<ul class=\"wp-block-list\">\n<li>Po prvem pogovoru star\u0161ev naj se z varu\u0161ko pogovorijo tudi otroci.<\/li>\n\n\n\n<li>Za la\u017eji za\u010detek lahko varu\u0161ka prvo varovanje ali dve opravi ob prisotnosti star\u0161ev (lahko tudi v drugi sobi).<\/li>\n\n\n\n<li>Pribli\u017eno uro po odhodu naj bi star\u0161i za obojestranski bolj\u0161i ob\u010dutek poklicali varu\u0161ko in se prepri\u010dali, \u010de je vse v redu.<\/li>\n\n\n\n<li>Po odhodu varu\u0161ke naj bi star\u0161i o vtisih povpra\u0161ali \u0161e otroke.<\/li>\n\n\n\n<li>\u010ceprav se z varu\u0161ko dobro razumemo, se redno pogovarjajmo o mo\u017enostih za vsestransko izbolj\u0161anje sodelovanja.<\/li>\n<\/ul>\n\n\n\n<p><em>\u00a9 <\/em><em><a href=\"http:\/\/www.photoxpress.com\/\" rel=\"noreferrer noopener\" target=\"_blank\">PhotoXpress.com<\/a><\/em><\/p>\n","protected":false},"excerpt":{"rendered":"<p>Varstvo otrok je zahtevno opravilo, pri katerem nam lahko na pomo\u010d prisko\u010di varu\u0161ka. Ko i\u0161\u010demo varu\u0161ko, se moramo zavedati, da so skozi vso \u010dlove\u0161ko zgodovino star\u0161em pomagali dedki in babice, strici in tete, starej\u0161i bratje in sestre, sosedje, prijatelji in drugi. Po varu\u0161kah je bilo tako vedno dovolj povpra\u0161evanja, \u010deprav se je seznam njihovih nalog [&hellip;]<\/p>\n","protected":false},"author":1,"featured_media":0,"parent":15,"menu_order":1,"comment_status":"closed","ping_status":"closed","template":"page-no-separators","meta":{"footnotes":""},"class_list":["post-1007","page","type-page","status-publish","hentry"],"_links":{"self":[{"href":"https:\/\/tolovaj.com\/vsebina\/wp-json\/wp\/v2\/pages\/1007","targetHints":{"allow":["GET"]}}],"collection":[{"href":"https:\/\/tolovaj.com\/vsebina\/wp-json\/wp\/v2\/pages"}],"about":[{"href":"https:\/\/tolovaj.com\/vsebina\/wp-json\/wp\/v2\/types\/page"}],"author":[{"embeddable":true,"href":"https:\/\/tolovaj.com\/vsebina\/wp-json\/wp\/v2\/users\/1"}],"replies":[{"embeddable":true,"href":"https:\/\/tolovaj.com\/vsebina\/wp-json\/wp\/v2\/comments?post=1007"}],"version-history":[{"count":1,"href":"https:\/\/tolovaj.com\/vsebina\/wp-json\/wp\/v2\/pages\/1007\/revisions"}],"predecessor-version":[{"id":1016,"href":"https:\/\/tolovaj.com\/vsebina\/wp-json\/wp\/v2\/pages\/1007\/revisions\/1016"}],"up":[{"embeddable":true,"href":"https:\/\/tolovaj.com\/vsebina\/wp-json\/wp\/v2\/pages\/15"}],"wp:attachment":[{"href":"https:\/\/tolovaj.com\/vsebina\/wp-json\/wp\/v2\/media?parent=1007"}],"curies":[{"name":"wp","href":"https:\/\/api.w.org\/{rel}","templated":true}]}}