{"id":71,"date":"2024-06-30T11:41:27","date_gmt":"2024-06-30T11:41:27","guid":{"rendered":"https:\/\/tolovaj.com\/trgovina1\/?page_id=71"},"modified":"2024-07-09T08:30:43","modified_gmt":"2024-07-09T08:30:43","slug":"o-nas","status":"publish","type":"page","link":"https:\/\/tolovaj.com\/trgovina\/o-nas\/","title":{"rendered":"O nas"},"content":{"rendered":"\n<h3 class=\"wp-block-heading\">Zalo\u017eba Tolovaj<\/h3>\n\n\n\n<p><img decoding=\"async\" src=\"https:\/\/www.tolovaj.com\/vsebina\/images\/stories\/ZavodTolovaj\/www.tolovaj.com.gif\" alt=\"\">Zalo\u017ebo Tolovaj smo ustanovili z \u017eeljo po predstavitvi in la\u017eji uveljavitvi kakovostnih avtorjev z razli\u010dnih podro\u010dij kulture. \u010ceprav je izdajanje knjig na\u0161a osnovna dejavnost, znamo \u0161e marsikaj drugega.<\/p>\n\n\n\n<p>Na na\u0161ih spletnih straneh objavljamo kakovostna besedila, ki jih dru\u017eita strokovnost in bralcu prijazen jezik. Na\u0161i \u010dlanki so primerni viri za \u0161olske seminarske naloge in dober vir informacij za najrazli\u010dnej\u0161e bralce.<\/p>\n\n\n\n<p>Za\u010detnikom svetujemo pri iskanju mo\u017enosti za objavo, pomagamo izbolj\u0161ati \u017ee obstoje\u010da besedila, seveda znamo napisati tudi nova, povsem avtorska in to z najrazli\u010dnej\u0161ih podro\u010dij.<\/p>\n\n\n\n<p>Zunanjim naro\u010dnikom po predhodnem dogovoru nudimo mo\u017enost objave \u017ee napisanih \u010dlankov (prebrati jih je mogo\u010de na na\u0161ih straneh) v \u010dasopisih, revijah, na spletnih straneh &#8230;, ki jih lahko tudi grafi\u010dno opremimo, popravimo, predelamo &#8230;<\/p>\n\n\n\n<p>Seveda lahko napi\u0161emo tudi povsem nova avtorska besedila. Ker posamezna besedila prebirajo iskalci informacij in morebitni kupci s to\u010dno dolo\u010denih podro\u010dij, so izjemno zanimiva za ogla\u0161evalce. Pokli\u010dite nas ali nam pi\u0161ite in povpra\u0161ajte za podrobnosti!<\/p>\n\n\n\n<p>Zavod Tolovaj<br>Vojkova cesta 91<br>01-568-1329<br>041-565-021<br>zavodtolovaj (at) yahoo.com<\/p>\n\n\n\n<h2 class=\"wp-block-heading\">Besedilo:<\/h2>\n\n\n\n<ul class=\"wp-block-list\">\n<li><a href=\"http:\/\/tolovaj.com\/trgovina\" target=\"_blank\" rel=\"noreferrer noopener\">Zavod Tolovaj<\/a><\/li>\n<\/ul>\n\n\n\n<h2 class=\"wp-block-heading\">Fotografije:<\/h2>\n\n\n\n<ul class=\"wp-block-list\">\n<li>Pixabay.com<\/li>\n\n\n\n<li><a href=\"http:\/\/www.stockvault.net\/\" target=\"_blank\" rel=\"noreferrer noopener\">Stockvault.net<\/a><\/li>\n\n\n\n<li><a href=\"http:\/\/www.123rf.com\/\" target=\"_blank\" rel=\"noreferrer noopener\">123RF Limited<\/a> (&#8220;Certain images and\/or photos on this page are the copyrighted property of 123RF Limited, its Contributors or Licensed Partners and are being used with permission under license. These images and\/or photos may not be copied or downloaded without permission from 123RF Limited&#8221;)<\/li>\n\n\n\n<li><a href=\"http:\/\/www.sxc.hu\/home\" target=\"_blank\" rel=\"noreferrer noopener\">SXC.hu, HAAP Media Ltd.<\/a><\/li>\n\n\n\n<li><a href=\"http:\/\/tolovaj.com\/trgovina\" target=\"_blank\" rel=\"noreferrer noopener\">Zavod Tolovaj<\/a><\/li>\n<\/ul>\n\n\n\n<hr class=\"wp-block-separator has-alpha-channel-opacity\"\/>\n\n\n\n<h2 class=\"wp-block-heading\">O pi\u0161kotkih<\/h2>\n\n\n\n<p>V skladu z veljavno zakonodajo vas obve\u0161\u010damo, da na\u0161a spletna stan uporablja spletne pi\u0161kotke izklju\u010dno za namene analize prometa. U njihovo pomo\u010djo lahko izvemo koliko obiskovalcev smo imeli na posamezni strani, iz katere dr\u017eave so pri\u0161li, katere iskalnike uporabljajo in podobno.<\/p>\n\n\n\n<p>Ti podatki nam pomagajo pri izbolj\u0161anju delovanja spletne strani in jih ne bomo nikoli uporabili v druge namene. Ker do dolo\u010dene mere predstavljajo vdor v zasebnost na\u0161ih obiskovalcev, predlagamo, da o va\u0161ih nastavitvah zasebnosti preberete na <a href=\"http:\/\/www.aboutcookies.org\/page-1\" target=\"_blank\" rel=\"noreferrer noopener\">tem mestu<\/a>.<\/p>\n\n\n<ul class=\"wp-block-page-list\"><li class=\"wp-block-pages-list__item\"><a class=\"wp-block-pages-list__item__link\" href=\"https:\/\/tolovaj.com\/trgovina\/o-nas\/dostava\/\">Dostava<\/a><\/li><li class=\"wp-block-pages-list__item\"><a class=\"wp-block-pages-list__item__link\" href=\"https:\/\/tolovaj.com\/trgovina\/o-nas\/kazalo\/\">Kazalo<\/a><\/li><li class=\"wp-block-pages-list__item\"><a class=\"wp-block-pages-list__item__link\" href=\"https:\/\/tolovaj.com\/trgovina\/o-nas\/pravno-obvestilo\/\">Pravno obvestilo<\/a><\/li><\/ul>\n\n\n<div class=\"wp-block-group is-vertical is-content-justification-center is-layout-flex wp-container-core-group-is-layout-838cd1cc wp-block-group-is-layout-flex\" style=\"padding-top:var(--wp--preset--spacing--40);padding-bottom:var(--wp--preset--spacing--50)\"><div class=\"is-default-size wp-block-site-logo\"><a href=\"https:\/\/tolovaj.com\/trgovina\/\" class=\"custom-logo-link\" rel=\"home\"><img loading=\"lazy\" decoding=\"async\" width=\"500\" height=\"479\" src=\"https:\/\/tolovaj.com\/trgovina\/wp-content\/uploads\/2024\/06\/jezna-gospa.png\" class=\"custom-logo\" alt=\"Zalo\u017eba Tolovaj\" srcset=\"https:\/\/tolovaj.com\/trgovina\/wp-content\/uploads\/2024\/06\/jezna-gospa.png 500w, https:\/\/tolovaj.com\/trgovina\/wp-content\/uploads\/2024\/06\/jezna-gospa-300x287.png 300w\" sizes=\"auto, (max-width: 500px) 100vw, 500px\" \/><\/a><\/div>\n\n\n<p><strong>Slikanice in knjige za otroke od dveh let naprej. Raznolika ponudba, ugodne cene, smo strokovnjaki za pravljice.<\/strong><\/p>\n\n\n\n<p>Vse pravice pridr\u017eane. \u00a9 2010 &#8211; 2025<\/p>\n\n\n\n<p class=\"has-text-align-center has-secondary-color has-text-color has-link-color has-small-font-size wp-elements-c04d1eb07621d3e55b93fd705b6e6bac\">\n\tDesigned with <a href=\"https:\/\/wordpress.org\" rel=\"nofollow\">WordPress<\/a>\t<\/p>\n<\/div>\n","protected":false},"excerpt":{"rendered":"<p>Zalo\u017eba Tolovaj Zalo\u017ebo Tolovaj smo ustanovili z \u017eeljo po predstavitvi in la\u017eji uveljavitvi kakovostnih avtorjev z razli\u010dnih podro\u010dij kulture. \u010ceprav je izdajanje knjig na\u0161a osnovna dejavnost, znamo \u0161e marsikaj drugega. Na na\u0161ih spletnih straneh objavljamo kakovostna besedila, ki jih dru\u017eita strokovnost in bralcu prijazen jezik. Na\u0161i \u010dlanki so primerni viri za \u0161olske seminarske naloge in [&hellip;]<\/p>\n","protected":false},"author":1,"featured_media":0,"parent":0,"menu_order":0,"comment_status":"closed","ping_status":"closed","template":"","meta":{"footnotes":""},"class_list":["post-71","page","type-page","status-publish","hentry"],"_links":{"self":[{"href":"https:\/\/tolovaj.com\/trgovina\/wp-json\/wp\/v2\/pages\/71","targetHints":{"allow":["GET"]}}],"collection":[{"href":"https:\/\/tolovaj.com\/trgovina\/wp-json\/wp\/v2\/pages"}],"about":[{"href":"https:\/\/tolovaj.com\/trgovina\/wp-json\/wp\/v2\/types\/page"}],"author":[{"embeddable":true,"href":"https:\/\/tolovaj.com\/trgovina\/wp-json\/wp\/v2\/users\/1"}],"replies":[{"embeddable":true,"href":"https:\/\/tolovaj.com\/trgovina\/wp-json\/wp\/v2\/comments?post=71"}],"version-history":[{"count":3,"href":"https:\/\/tolovaj.com\/trgovina\/wp-json\/wp\/v2\/pages\/71\/revisions"}],"predecessor-version":[{"id":578,"href":"https:\/\/tolovaj.com\/trgovina\/wp-json\/wp\/v2\/pages\/71\/revisions\/578"}],"wp:attachment":[{"href":"https:\/\/tolovaj.com\/trgovina\/wp-json\/wp\/v2\/media?parent=71"}],"curies":[{"name":"wp","href":"https:\/\/api.w.org\/{rel}","templated":true}]}}