{"id":474,"date":"2024-07-01T15:26:32","date_gmt":"2024-07-01T15:26:32","guid":{"rendered":"https:\/\/tolovaj.com\/trgovina1\/?page_id=474"},"modified":"2024-07-01T17:37:51","modified_gmt":"2024-07-01T17:37:51","slug":"22-lumpi-iz-3-a-in-lumpi-iz-3-b","status":"publish","type":"page","link":"https:\/\/tolovaj.com\/trgovina\/zbirka-lumpi-lumpasti\/22-lumpi-iz-3-a-in-lumpi-iz-3-b\/","title":{"rendered":"Lumpi iz 3.a in lumpi iz 3.b"},"content":{"rendered":"\n<div class=\"wp-block-media-text is-stacked-on-mobile is-vertically-aligned-top\"><figure class=\"wp-block-media-text__media\"><img loading=\"lazy\" decoding=\"async\" width=\"505\" height=\"715\" src=\"https:\/\/tolovaj.com\/trgovina\/wp-content\/uploads\/2024\/07\/Lumpi-3a_in_3b-Naslovka-brez.jpg\" alt=\"\" class=\"wp-image-475 size-full\" srcset=\"https:\/\/tolovaj.com\/trgovina\/wp-content\/uploads\/2024\/07\/Lumpi-3a_in_3b-Naslovka-brez.jpg 505w, https:\/\/tolovaj.com\/trgovina\/wp-content\/uploads\/2024\/07\/Lumpi-3a_in_3b-Naslovka-brez-212x300.jpg 212w\" sizes=\"auto, (max-width: 505px) 100vw, 505px\" \/><\/figure><div class=\"wp-block-media-text__content\">\n<p>Kako se spore\u010dejo in spopadejo lumpi iz sosednjih razredov? Kak\u0161ne prigode jih \u010dakajo pri modelarskem kro\u017eku? Kaj pa gre lahko narobe na te\u010daju prve pomo\u010di? Zakaj kidanje snega med poukom ni vedno najbolj\u0161a ideja? Kak\u0161no stavo sklenejo ajevci z bejevci v sla\u0161\u010di\u010darni? Kak\u0161na pa bi bila skupna novoletna zabava?<\/p>\n\n\n\n<p>Tokrat imajo lumpi iz 3. a ob svojih obi\u010dajnih te\u017eavah \u0161e skupnega nasprotnika &#8211; bejevce.<\/p>\n\n\n\n<p><a href=\"http:\/\/www.tolovaj.com\/vsebina\/tolovajeva-votlina\" target=\"_blank\" rel=\"noreferrer noopener\">Cena:&nbsp; 17,99 EUR za kos<\/a><\/p>\n\n\n\n<p>Avtor: Tomo Ko\u010dar<br>Vrsta: knjiga<br>Leto izdaje: 2009<br>\u0160tevilo strani: 56<br>Format: trda vezava, A5&nbsp;<\/p>\n<\/div><\/div>\n\n\n\n<figure class=\"wp-block-gallery has-nested-images columns-default is-cropped wp-block-gallery-1 is-layout-flex wp-block-gallery-is-layout-flex\">\n<figure class=\"wp-block-image size-large\"><img loading=\"lazy\" decoding=\"async\" width=\"453\" height=\"626\" data-id=\"487\" src=\"https:\/\/tolovaj.com\/trgovina\/wp-content\/uploads\/2024\/07\/Lumpi-3a_in_3b-01-2.jpg\" alt=\"\" class=\"wp-image-487\" srcset=\"https:\/\/tolovaj.com\/trgovina\/wp-content\/uploads\/2024\/07\/Lumpi-3a_in_3b-01-2.jpg 453w, https:\/\/tolovaj.com\/trgovina\/wp-content\/uploads\/2024\/07\/Lumpi-3a_in_3b-01-2-217x300.jpg 217w\" sizes=\"auto, (max-width: 453px) 100vw, 453px\" \/><\/figure>\n\n\n\n<figure class=\"wp-block-image size-large\"><img loading=\"lazy\" decoding=\"async\" width=\"262\" height=\"212\" data-id=\"486\" src=\"https:\/\/tolovaj.com\/trgovina\/wp-content\/uploads\/2024\/07\/Lumpi-3a_in_3b-01-4-1.jpg\" alt=\"\" class=\"wp-image-486\"\/><\/figure>\n\n\n\n<figure class=\"wp-block-image size-large\"><img loading=\"lazy\" decoding=\"async\" width=\"462\" height=\"708\" data-id=\"490\" src=\"https:\/\/tolovaj.com\/trgovina\/wp-content\/uploads\/2024\/07\/Zgodbice_za_otroke-Lumpi-3a_in_3b-01.jpg\" alt=\"\" class=\"wp-image-490\" srcset=\"https:\/\/tolovaj.com\/trgovina\/wp-content\/uploads\/2024\/07\/Zgodbice_za_otroke-Lumpi-3a_in_3b-01.jpg 462w, https:\/\/tolovaj.com\/trgovina\/wp-content\/uploads\/2024\/07\/Zgodbice_za_otroke-Lumpi-3a_in_3b-01-196x300.jpg 196w\" sizes=\"auto, (max-width: 462px) 100vw, 462px\" \/><\/figure>\n\n\n\n<figure class=\"wp-block-image size-large\"><img loading=\"lazy\" decoding=\"async\" width=\"465\" height=\"571\" data-id=\"489\" src=\"https:\/\/tolovaj.com\/trgovina\/wp-content\/uploads\/2024\/07\/Zgodbice_za_otroke-Lumpi-3a_in_3b-02-1.jpg\" alt=\"\" class=\"wp-image-489\" srcset=\"https:\/\/tolovaj.com\/trgovina\/wp-content\/uploads\/2024\/07\/Zgodbice_za_otroke-Lumpi-3a_in_3b-02-1.jpg 465w, https:\/\/tolovaj.com\/trgovina\/wp-content\/uploads\/2024\/07\/Zgodbice_za_otroke-Lumpi-3a_in_3b-02-1-244x300.jpg 244w\" sizes=\"auto, (max-width: 465px) 100vw, 465px\" \/><\/figure>\n\n\n\n<figure class=\"wp-block-image size-large\"><img loading=\"lazy\" decoding=\"async\" width=\"451\" height=\"678\" data-id=\"488\" src=\"https:\/\/tolovaj.com\/trgovina\/wp-content\/uploads\/2024\/07\/Zgodbice_za_otroke-Lumpi-3a_in_3b-03-1.jpg\" alt=\"\" class=\"wp-image-488\" srcset=\"https:\/\/tolovaj.com\/trgovina\/wp-content\/uploads\/2024\/07\/Zgodbice_za_otroke-Lumpi-3a_in_3b-03-1.jpg 451w, https:\/\/tolovaj.com\/trgovina\/wp-content\/uploads\/2024\/07\/Zgodbice_za_otroke-Lumpi-3a_in_3b-03-1-200x300.jpg 200w\" sizes=\"auto, (max-width: 451px) 100vw, 451px\" \/><\/figure>\n\n\n\n<figure class=\"wp-block-image size-large\"><img loading=\"lazy\" decoding=\"async\" width=\"480\" height=\"685\" data-id=\"491\" src=\"https:\/\/tolovaj.com\/trgovina\/wp-content\/uploads\/2024\/07\/Zgodbice_za_otroke-Lumpi-3a_in_3b-05-1.jpg\" alt=\"\" class=\"wp-image-491\" srcset=\"https:\/\/tolovaj.com\/trgovina\/wp-content\/uploads\/2024\/07\/Zgodbice_za_otroke-Lumpi-3a_in_3b-05-1.jpg 480w, https:\/\/tolovaj.com\/trgovina\/wp-content\/uploads\/2024\/07\/Zgodbice_za_otroke-Lumpi-3a_in_3b-05-1-210x300.jpg 210w\" sizes=\"auto, (max-width: 480px) 100vw, 480px\" \/><\/figure>\n\n\n\n<figure class=\"wp-block-image size-large\"><img loading=\"lazy\" decoding=\"async\" width=\"1024\" height=\"955\" data-id=\"493\" src=\"https:\/\/tolovaj.com\/trgovina\/wp-content\/uploads\/2024\/07\/Lumpi-3a_in_3b-Zadaj-2000-1024x955.jpg\" alt=\"\" class=\"wp-image-493\" srcset=\"https:\/\/tolovaj.com\/trgovina\/wp-content\/uploads\/2024\/07\/Lumpi-3a_in_3b-Zadaj-2000-1024x955.jpg 1024w, https:\/\/tolovaj.com\/trgovina\/wp-content\/uploads\/2024\/07\/Lumpi-3a_in_3b-Zadaj-2000-300x280.jpg 300w, https:\/\/tolovaj.com\/trgovina\/wp-content\/uploads\/2024\/07\/Lumpi-3a_in_3b-Zadaj-2000-768x717.jpg 768w, https:\/\/tolovaj.com\/trgovina\/wp-content\/uploads\/2024\/07\/Lumpi-3a_in_3b-Zadaj-2000-1536x1433.jpg 1536w, https:\/\/tolovaj.com\/trgovina\/wp-content\/uploads\/2024\/07\/Lumpi-3a_in_3b-Zadaj-2000.jpg 2000w\" sizes=\"auto, (max-width: 1024px) 100vw, 1024px\" \/><\/figure>\n<\/figure>\n","protected":false},"excerpt":{"rendered":"<p>Kako se spore\u010dejo in spopadejo lumpi iz sosednjih razredov? Kak\u0161ne prigode jih \u010dakajo pri modelarskem kro\u017eku? Kaj pa gre lahko narobe na te\u010daju prve pomo\u010di? Zakaj kidanje snega med poukom ni vedno najbolj\u0161a ideja? Kak\u0161no stavo sklenejo ajevci z bejevci v sla\u0161\u010di\u010darni? Kak\u0161na pa bi bila skupna novoletna zabava? Tokrat imajo lumpi iz 3. a [&hellip;]<\/p>\n","protected":false},"author":1,"featured_media":0,"parent":418,"menu_order":1,"comment_status":"closed","ping_status":"closed","template":"page-with-sidebar","meta":{"footnotes":""},"class_list":["post-474","page","type-page","status-publish","hentry"],"_links":{"self":[{"href":"https:\/\/tolovaj.com\/trgovina\/wp-json\/wp\/v2\/pages\/474","targetHints":{"allow":["GET"]}}],"collection":[{"href":"https:\/\/tolovaj.com\/trgovina\/wp-json\/wp\/v2\/pages"}],"about":[{"href":"https:\/\/tolovaj.com\/trgovina\/wp-json\/wp\/v2\/types\/page"}],"author":[{"embeddable":true,"href":"https:\/\/tolovaj.com\/trgovina\/wp-json\/wp\/v2\/users\/1"}],"replies":[{"embeddable":true,"href":"https:\/\/tolovaj.com\/trgovina\/wp-json\/wp\/v2\/comments?post=474"}],"version-history":[{"count":1,"href":"https:\/\/tolovaj.com\/trgovina\/wp-json\/wp\/v2\/pages\/474\/revisions"}],"predecessor-version":[{"id":494,"href":"https:\/\/tolovaj.com\/trgovina\/wp-json\/wp\/v2\/pages\/474\/revisions\/494"}],"up":[{"embeddable":true,"href":"https:\/\/tolovaj.com\/trgovina\/wp-json\/wp\/v2\/pages\/418"}],"wp:attachment":[{"href":"https:\/\/tolovaj.com\/trgovina\/wp-json\/wp\/v2\/media?parent=474"}],"curies":[{"name":"wp","href":"https:\/\/api.w.org\/{rel}","templated":true}]}}