{"id":285,"date":"2024-06-30T15:22:18","date_gmt":"2024-06-30T15:22:18","guid":{"rendered":"https:\/\/tolovaj.com\/trgovina1\/?page_id=285"},"modified":"2024-07-01T17:33:14","modified_gmt":"2024-07-01T17:33:14","slug":"21-nagajivcki","status":"publish","type":"page","link":"https:\/\/tolovaj.com\/trgovina\/zbirka-tolovaj\/21-nagajivcki\/","title":{"rendered":"Nagajiv\u010dki"},"content":{"rendered":"\n<div class=\"wp-block-media-text is-stacked-on-mobile is-vertically-aligned-top\"><figure class=\"wp-block-media-text__media\"><img loading=\"lazy\" decoding=\"async\" width=\"420\" height=\"594\" src=\"https:\/\/tolovaj.com\/trgovina\/wp-content\/uploads\/2024\/06\/Nagajivcki-Naslovnica-420.jpg\" alt=\"\" class=\"wp-image-286 size-full\" srcset=\"https:\/\/tolovaj.com\/trgovina\/wp-content\/uploads\/2024\/06\/Nagajivcki-Naslovnica-420.jpg 420w, https:\/\/tolovaj.com\/trgovina\/wp-content\/uploads\/2024\/06\/Nagajivcki-Naslovnica-420-212x300.jpg 212w\" sizes=\"auto, (max-width: 420px) 100vw, 420px\" \/><\/figure><div class=\"wp-block-media-text__content\">\n<p>Dru\u017eina Jazbec ima nove sosede. Z dru\u017eino sini\u010dk se kmalu spoprijateljijo in nekega dne se odlo\u010dijo star\u0161i oditi po svoje. Bosta jazbe\u010dja mladi\u010da v vlogi varu\u0161k uspela krotiti razposajene mlade sini\u010dke? Mali pti\u010dki so presenetljivo jezikavi, \u017eivahni in iznajdljivi. In kdo bo na koncu vse pospravil?<\/p>\n\n\n\n<p>Nenavadno zavezni\u0161tvo med robatimi, a prijaznimi jazbeci in ne\u017enimi, a nagajivimi sini\u010dkami je domiselno upodobljena s svetlimi, prijaznimi ilustracijami.<\/p>\n\n\n\n<p><a href=\"http:\/\/www.tolovaj.com\/vsebina\/tolovajeva-votlina\" target=\"_blank\" rel=\"noreferrer noopener\">Cena:&nbsp; 17,99 EUR za kos<\/a><\/p>\n\n\n\n<p>Avtor: Tomo Ko\u010dar<br>Vrsta: slikanica<br>Leto izdaje: 2007<br>\u0160tevilo strani: 32<br>Format: trda vezava, A4&nbsp;<\/p>\n<\/div><\/div>\n\n\n\n<figure class=\"wp-block-gallery has-nested-images columns-default is-cropped wp-block-gallery-1 is-layout-flex wp-block-gallery-is-layout-flex\">\n<figure class=\"wp-block-image size-large\"><img loading=\"lazy\" decoding=\"async\" width=\"308\" height=\"406\" data-id=\"292\" src=\"https:\/\/tolovaj.com\/trgovina\/wp-content\/uploads\/2024\/06\/Nagajivcki-01-308.jpg\" alt=\"\" class=\"wp-image-292\" srcset=\"https:\/\/tolovaj.com\/trgovina\/wp-content\/uploads\/2024\/06\/Nagajivcki-01-308.jpg 308w, https:\/\/tolovaj.com\/trgovina\/wp-content\/uploads\/2024\/06\/Nagajivcki-01-308-228x300.jpg 228w\" sizes=\"auto, (max-width: 308px) 100vw, 308px\" \/><\/figure>\n\n\n\n<figure class=\"wp-block-image size-large\"><img loading=\"lazy\" decoding=\"async\" width=\"378\" height=\"553\" data-id=\"289\" src=\"https:\/\/tolovaj.com\/trgovina\/wp-content\/uploads\/2024\/06\/Nagajivcki-03-378.jpg\" alt=\"\" class=\"wp-image-289\" srcset=\"https:\/\/tolovaj.com\/trgovina\/wp-content\/uploads\/2024\/06\/Nagajivcki-03-378.jpg 378w, https:\/\/tolovaj.com\/trgovina\/wp-content\/uploads\/2024\/06\/Nagajivcki-03-378-205x300.jpg 205w\" sizes=\"auto, (max-width: 378px) 100vw, 378px\" \/><\/figure>\n\n\n\n<figure class=\"wp-block-image size-large\"><img loading=\"lazy\" decoding=\"async\" width=\"309\" height=\"466\" data-id=\"291\" src=\"https:\/\/tolovaj.com\/trgovina\/wp-content\/uploads\/2024\/06\/Nagajivcki-07-309.jpg\" alt=\"\" class=\"wp-image-291\" srcset=\"https:\/\/tolovaj.com\/trgovina\/wp-content\/uploads\/2024\/06\/Nagajivcki-07-309.jpg 309w, https:\/\/tolovaj.com\/trgovina\/wp-content\/uploads\/2024\/06\/Nagajivcki-07-309-199x300.jpg 199w\" sizes=\"auto, (max-width: 309px) 100vw, 309px\" \/><\/figure>\n\n\n\n<figure class=\"wp-block-image size-large\"><img loading=\"lazy\" decoding=\"async\" width=\"382\" height=\"545\" data-id=\"290\" src=\"https:\/\/tolovaj.com\/trgovina\/wp-content\/uploads\/2024\/06\/Nagajivcki-08-382.jpg\" alt=\"\" class=\"wp-image-290\" srcset=\"https:\/\/tolovaj.com\/trgovina\/wp-content\/uploads\/2024\/06\/Nagajivcki-08-382.jpg 382w, https:\/\/tolovaj.com\/trgovina\/wp-content\/uploads\/2024\/06\/Nagajivcki-08-382-210x300.jpg 210w\" sizes=\"auto, (max-width: 382px) 100vw, 382px\" \/><\/figure>\n<\/figure>\n","protected":false},"excerpt":{"rendered":"<p>Dru\u017eina Jazbec ima nove sosede. Z dru\u017eino sini\u010dk se kmalu spoprijateljijo in nekega dne se odlo\u010dijo star\u0161i oditi po svoje. Bosta jazbe\u010dja mladi\u010da v vlogi varu\u0161k uspela krotiti razposajene mlade sini\u010dke? Mali pti\u010dki so presenetljivo jezikavi, \u017eivahni in iznajdljivi. In kdo bo na koncu vse pospravil? Nenavadno zavezni\u0161tvo med robatimi, a prijaznimi jazbeci in ne\u017enimi, [&hellip;]<\/p>\n","protected":false},"author":1,"featured_media":0,"parent":53,"menu_order":1,"comment_status":"closed","ping_status":"closed","template":"page-with-sidebar","meta":{"footnotes":""},"class_list":["post-285","page","type-page","status-publish","hentry"],"_links":{"self":[{"href":"https:\/\/tolovaj.com\/trgovina\/wp-json\/wp\/v2\/pages\/285","targetHints":{"allow":["GET"]}}],"collection":[{"href":"https:\/\/tolovaj.com\/trgovina\/wp-json\/wp\/v2\/pages"}],"about":[{"href":"https:\/\/tolovaj.com\/trgovina\/wp-json\/wp\/v2\/types\/page"}],"author":[{"embeddable":true,"href":"https:\/\/tolovaj.com\/trgovina\/wp-json\/wp\/v2\/users\/1"}],"replies":[{"embeddable":true,"href":"https:\/\/tolovaj.com\/trgovina\/wp-json\/wp\/v2\/comments?post=285"}],"version-history":[{"count":1,"href":"https:\/\/tolovaj.com\/trgovina\/wp-json\/wp\/v2\/pages\/285\/revisions"}],"predecessor-version":[{"id":295,"href":"https:\/\/tolovaj.com\/trgovina\/wp-json\/wp\/v2\/pages\/285\/revisions\/295"}],"up":[{"embeddable":true,"href":"https:\/\/tolovaj.com\/trgovina\/wp-json\/wp\/v2\/pages\/53"}],"wp:attachment":[{"href":"https:\/\/tolovaj.com\/trgovina\/wp-json\/wp\/v2\/media?parent=285"}],"curies":[{"name":"wp","href":"https:\/\/api.w.org\/{rel}","templated":true}]}}